(-98 - -24) + 63 + -24.
-35
Evaluate -6 + -3 + 14 + -7 + 1 - 14.
-15
What is the value of -13 + (-26 - -6) - -27?
-6
What is (3 - 0) + -1 + 8 + -7 + -21?
-18
28 - (-5 + -8 + 62)
-21
Evaluate 4 + (-5 - (6 + -13 + 3 + -7)).
10
What is (2 - 5 - -8) + -13?
-8
What is the value of 7 - (1 - 2) - (-5 - (-19 - 0))?
-6
21 + (-23 + -21 - -17)
-6
What is -15 + -9 + 39 + 3?
18
10 + (-6 - 0) - (2 - 12)
14
What is (-32 - (-66 + 15)) + -34?
-15
What is 7 + 10 + (-3 - (-5 - -1)) + -2?
16
(6 - (17 - 9)) + 3
1
(-1 + (-9 - -14) - 7) + -1 + 1
-3
Calculate -13 + 2 + -1 + 3 - (-10 - -16).
-15
Calculate -8 + (-7 + 0 - (222 + -215)).
-22
What is 23 + (56 - 53 - (2 + -1 - -7))?
18
What is -12 + (46 - 1) + -14 + -2?
17
What is the value of -18 + 8 + 1 + 2?
-7
What is 17 + -33 + -5 + 15?
-6
Calculate (1 - 3) + 3 - (26 + -1 - 19).
-5
(-2 - (-10 + (15 - -6))) + 5 - 11
-19
What is the value of 21 + (-34 - 8) + 2?
-19
Evaluate 0 + -17 + (-22 - -20 - 10).
-29
What is 241 - 239 - (0 - -21)?
-19
-23 + (49 - 21) - 7
-2
What is -1 + -1 - (-17 - (4 + -17 - 3))?
-1
Calculate -7 + (26 - 26 - (-2 + 0)) + -9.
-14
What is 5 + -14 + (3 - -13) + -11?
-4
1 + 4 + (13 + -5 + 8 - 5)
16
-2 - 0 - (8 + (9 - 9) + -13)
3
What is -18 + 15 + -16 + 14?
-5
-7 + (14 - -1 - 0)
8
What is the value of (29 - 0) + 0 + -1 + -23 + 15?
20
Evaluate 13 + 3 + -3 - 19.
-6
Evaluate (-1 - (2 + -10)) + -17.
-10
What is -10 - ((0 - 6) + (29 + -22 - -5))?
-16
What is the value of 4 - (-7 - (-8 - 4) - -9)?
-10
-83 + 62 + -2 + 4 + 7
-12
Calculate (4 - 0) + -61 + 58 + (2 - -2).
5
What is the value of 2 + (-23 - -68) + -16?
31
What is the value of -21 + 24 + (-4 - 4)?
-5
Calculate ((-3 - -6) + 6 - 2) + -15 + 5.
-3
What is 9 - (1 - (14 - 18))?
4
What is the value of 15 + ((7 - 0) + -8 - 0)?
14
What is the value of 4 + -1 - (-6 + -1 + 3)?
7
Calculate -13 + (26 - 31 - -33).
15
-14 - ((-28 - -21) + -1)
-6
What is the value of 5 - (17 - 5) - 4?
-11
Evaluate (5 - 12 - (-8 - 3)) + -20 + 2.
-14
What is the value of 4 + (13 - 0) + 1 - -12?
30
Evaluate 9 + (0 - (10 + 0 + -4)).
3
Evaluate -19 + 14 + 12 - (0 + -2 + 6).
3
What is the value of -7 - 0 - (-95 - -99) - (-6 + 4)?
-9
Evaluate 10 - 19 - (-12 - -17).
-14
Evaluate 2 + 1 - (4 - 8) - 4 - -6.
9
(-7 - (-10 - 2)) + (0 - 1) - 10
-6
-57 - -23 - (10 - 17)
-27
Calculate -24 + -2 - (5 - 11).
-20
Calculate 6 + -2 + -34 - -28.
-2
Calculate 4 - (-18 + (-33 - -38)).
17
What is 16 + (4 - (38 + -16))?
-2
Evaluate 14 + 6 + 96 + -86.
30
Calculate -4 - (-16 - -2) - (-110 + 109).
11
Calculate -2 - -20 - (6 - 14 - (18 - 25)).
19
(2 + 23 - (-24 + 22)) + -8
19
What is the value of 0 + 2 + 50 + -25 - 1?
26
-2 - (-19 + 3) - (377 + -347)
-16
Calculate 1 - -1 - (-9 - -2 - (22 - 24)).
7
What is the value of -20 + 21 - -1 - -14?
16
Evaluate -3 - (14 + (4 - 3) + -6 + -1).
-11
156 - 205 - (1 - 30)
-20
89 - 62 - (4 + 15)
8
What is the value of -9 + -19 - -12 - 8 - (0 - 7)?
-17
Calculate (42 - 28 - 13) + -26.
-25
(47 - 8 - 21) + -18 - (14 + 1)
-15
What is the value of 4 + 0 - 3 - (1 + 5)?
-5
(6 - (1 - -1 - 7) - 25) + -9
-23
What is ((9 - 3) + 3 - (3 + 0)) + -8?
-2
-23 - 6 - (3 + -19) - (-1 + -1)
-11
What is 4 + 8 + (-14 - (6 + -16))?
8
What is the value of 18 + (-28 - (16 - 33)) - (-18 + 1)?
24
Calculate -4 + 23 + -11 + -31 - 3.
-26
-8 + -5 + 53 + -30
10
659 + -658 - (26 + (-1 - 1))
-23
(25 - (1 + -1)) + (240 - 248)
17
What is the value of -20 + (-16 + 16 - -9)?
-11
What is the value of -8 + 6 + (1 - 3) - 9?
-13
10 + -2 + -23 + 14 + 5
4
Evaluate -9 + (8 + -7 - -10).
2
Evaluate -14 + (-19 + 28 - -16).
11
Evaluate -11 + (-4 - -8) + -3 + -7 + -20.
-37
(7 + -23 - -2) + -22 + 1 + 2
-33
Calculate (-15 - (-2 + -5)) + 14.
6
-5 + (4 - 4) + -3 + -1 + 0
-9
-14 + 12 - 2 - 0
-4
What is -5 + 18 + -35 - -20?
-2
Calculate -68 + 93 + (3 - 8).
20
(-3 + (5 - -12 - -6) - 10) + -4
6
What is -6 - (-13 + 14 + 10 - 15)?
-2
Calculate 1 + 3 + -2 + 1 - 1 - 12.
-10
What is the value of (-2 + 1 - (-9 - (-11 + 3))) + -10?
-10
-8 - (7 + (1 - 7) + -7)
-2
Calculate (-7 - -16 - (8 - (2 + 6))) + -27.
-18
Calculate (9 - 3 - 20) + -5.
-19
11 + -8 + 1 + (-4 - -4)
4
Evaluate (-31 - -10) + 7 + -7.
-21
-207 + 216 + 0 + (2 - 12)
-1
Calculate (-12 - (3 + -7) - -19) + -4 + 0.
7
What is -34 + (-7 - (-13 - 20))?
-8
What is 0 + -8 + (37 - 31) + 13?
11
Calculate (6 - (25 + -8 - 5)) + 21.
15
What is the value of -2 - ((19 - 34) + (-18 - 1))?
32
Evaluate 8 + 2 + -1 + 3 + -7 - -5.
10
Calculate 30 + -7 + -38 + (-13 - 0).
-28
Evaluate 5 + (-12 - -7 - -11) + -2 + -1.
8
-196 + 232 + -3 + -20
13
What is 8 - 1 - (-43 - (-85 + 72))?
37
-14 + (-1 - 7 - (-30 - -24))
-16
What is the value of 16 + -9 + 4 - 17 - -3?
-3
What is 7 + (5 + -12 - (-1 - 2) - 22)?
-19
What is -2 - (0 + 7 - 7) - (2 - -2)?
-6
Calculate 3 + -50 + 57 + -7 + 0 + 21.
24
What is -15 + 11 + -4 - (-4 - 1)?
-3
Evaluate (1 - (-1 + 11) - (-9 + 2)) + -2.
-4
-11 + -1 + (-22 + 10 - -2)
-22
What is (0 + 7 + -17 - 5) + (3 - 1)?
-13
Evaluate ((-1 - -2) + 0 - (-23 - -27)) + 4.
1
Calculate 57 + -46 - (0 - (2 + 2)).
15
Calculate 5 + -4 - (-28 + 22) - -8 - -9.
24
What is 6 - (2 - 6 - -7) - (6 + 0)?
-3
What is the value of 28 - (1 + 3 + (17 - (-2 + 23)))?
28
Evaluate -5 + (-96 + 112 - (0 - 2 - -1)).
12
Calculate (69 + -66 - (1 - (0 - 1))) + 14.
15
0 - 1 - 11 - (2 + (-19 - -14))
-9
What is 27 + -14 + -14 + -14 - (5 + 2)?
-22
What is 4 + -11 - (-24 - -14)?
3
What is the value of 16 + 3 + (-16 - 2) + 14?
15
What is the value of (2 - (0 + 4)) + (-10 + -1 - -9)?
-4
What is the value of -29 + (-9 - -3) + (-1 - -12)?
-24
What is -18 - -15 - (4 + -1 + 2) - 5?
-13
What is the value of (1 - (-13 + 19)) + -3 + 3?
-5
-3 - ((4 - (5 - 6)) + 3)
-11
1 - (-1 + -12 + 15)
-1
What is -4 + (0 - 4) + (-36 - -33)?
-11
Calculate -43 - -65 - (25 + 0).
-3
What is the value of 9 - (8 - (1 - -4)) - 1 - -5?
10
What is the value of -8 - (2 - (-4 + 5 - (17 + -7)))?
-19
-10 + (5 - (14 + -7)) + 1
-11
What is -2 + -10 + (21 - -8) + -4?
13
Calculate -20 + (38 - 33) + (4 - 2).
-13
Evaluate (14 - 1) + (9 - 16) - -5.
11
What is the value of (-3 - (14 - -2)) + (4 - -7)?
-8
What is 13 + (4 - 9 - 19)?
-11
What is the value of -8 + 1 + (2 - 22) + (4 - -7)?
-16
Evaluate (5 - -3) + (14 - 10) - 2.
10
9 + (5 - (2 - (0 + -5)))
7
12 - (28 + 10) - -3
-23
What is the value of -61 - (26 + -50) - -53?
16
Calculate 13 - (-13 - -13 - -14).
-1
What is -2 + 0 - (437 - 451)?
12
What is -4 + (8 - 3) + -4 + 3 + -11?
-11
What is (0 - (60 - 36)) + 4?
-20
-4 + (-3 - (18 + 0))
-25
What is -4 + (10 - 8) + -5 + 12 + -1?
4
What is the value of -115 - -105 - ((-21 - -3) + -5)?
13
(10 - -2) + 3 - 27
-12
4 + (8 + -6 + 1 - 7) + 8
8
Evaluate (1 - -2) + (-20 + -12 + 20 - 6).
-15
Evaluate -115 - -91 - (0 - 39).
15
Calculate 9 - (-3 + 0 + 1 + -4 - -2).
13
What is 59 + -41 + 0 + -2 + -3 + -6?
7
Calculate 3 - (14 + -8 + -8 - -1).
4
What is -7 - (-52 - -24) - (0 + -1 + -2)?
24
What is 9 + -18 - (10 + (-9 - 15))?
5
7 - ((-10 - -6) + 2 + -3 + 12)
0
Evaluate (15 + -2 - 3) + 14 + -16 - -5.
13
(-10 - -5) + (-22 - -13)
-14
Evaluate 0 + 10 + 0 + 39 + (5 - 46).
8
What is (-2 - (-1 + -7)) + (-10 - -5) + -4?
-3
What is the value of 0 - (4 + -13) - (64 - 41)?
-14
37 - ((5 - 5) + (-12 - -5 - -12))
32
-1 + (-6 - (-2 - 9)) + 22 + -1
25
(35 - 8) + -5 + -12
10
What is the value of -36 + 18 - -2 - (0 + -33)?
17
What is 19 - (-18 - -69 - 18)?
-14
Calculate -12 - 1 - ((-31 - 39) + 83).
-26
Calculate 2 + 4 + 36 + -44.
-2
What is the value of -30 + (-27 + 9 - -77)?
29
186 - 161 - (10 + -2)
17
What is the value of -556 + 570 + 2 + -1?
15
(12 - 14 - 13) + -5 - -8
-12
(16 + -8 - ((23 - 2) + -3)) + -3
-13
What is -2 - (19 - 13 - (2 - 1)) - -3?
-4
What is -9 + -1 - (-115 - -116)?
-11
Calculate -8 + (-9 - -3 - 7) - -2.
-19
What is 12 + 21 + 1 + -42?
-8
What is the value of 44 + (17 - 22 - 25)?
14
Evaluate 3 - -2 - (11 + (11 + -10 - 13)).
6
Evaluate -17 + 16 + (-16 - -18) + 6.
7
Calculate -13 + (-3 - ((-1 - 5) + 8)).
-18
-8 + 19 + (-1 - 4) + 13
19
Calculate 27 + (6 - 50) + 15.
-2
-32 + 13 + (-9 + 2 - -16) + -15
-25
Evaluate 0 + -7 + (18 - -15) + -20.
6
Evaluate 4 + 19 + (11 - 20).
14
What is -2 - (-42 + 22) - 36?
-18
Evaluate 28 + 8 + -16 + -29.
-9
-13 - (3 - (48 + 12 + -24))
20
Evaluate -8 + -2 - (-4 + -9).
3
-4 - (2 + 9 + -2 + -13 - -20)
-20
Evaluate -31 - (-17 + 16 - 54).
24
-14 - -6 - -18 - 2
8
What is the val